{"id":318,"date":"2009-03-26T08:32:59","date_gmt":"2009-03-26T07:32:59","guid":{"rendered":"http:\/\/www.ff-frechen-film.de\/?page_id=318"},"modified":"2013-04-10T11:52:06","modified_gmt":"2013-04-10T10:52:06","slug":"aktionen","status":"publish","type":"page","link":"https:\/\/www.frechen-film.de\/?page_id=318","title":{"rendered":"Aktionen"},"content":{"rendered":"<table style=\"height: 112px;\" width=\"100%\" border=\"0\">\n<tbody>\n<tr>\n<td>\n<h2>Auf dieser Seite pr\u00e4sentieren wir Ihnen Sonderaktionen au\u00dferhalb unseres regul\u00e4ren Kinoprogramms:<\/h2>\n<\/td>\n<\/tr>\n<\/tbody>\n<\/table>\n","protected":false},"excerpt":{"rendered":"<p> Auf dieser Seite pr\u00e4sentieren wir Ihnen Sonderaktionen au\u00dferhalb unseres regul\u00e4ren Kinoprogramms: <\/p>\n","protected":false},"author":2,"featured_media":0,"parent":0,"menu_order":3,"comment_status":"open","ping_status":"open","template":"","meta":{"footnotes":""},"class_list":["post-318","page","type-page","status-publish","hentry","odd"],"_links":{"self":[{"href":"https:\/\/www.frechen-film.de\/index.php?rest_route=\/wp\/v2\/pages\/318","targetHints":{"allow":["GET"]}}],"collection":[{"href":"https:\/\/www.frechen-film.de\/index.php?rest_route=\/wp\/v2\/pages"}],"about":[{"href":"https:\/\/www.frechen-film.de\/index.php?rest_route=\/wp\/v2\/types\/page"}],"author":[{"embeddable":true,"href":"https:\/\/www.frechen-film.de\/index.php?rest_route=\/wp\/v2\/users\/2"}],"replies":[{"embeddable":true,"href":"https:\/\/www.frechen-film.de\/index.php?rest_route=%2Fwp%2Fv2%2Fcomments&post=318"}],"version-history":[{"count":18,"href":"https:\/\/www.frechen-film.de\/index.php?rest_route=\/wp\/v2\/pages\/318\/revisions"}],"predecessor-version":[{"id":647,"href":"https:\/\/www.frechen-film.de\/index.php?rest_route=\/wp\/v2\/pages\/318\/revisions\/647"}],"wp:attachment":[{"href":"https:\/\/www.frechen-film.de\/index.php?rest_route=%2Fwp%2Fv2%2Fmedia&parent=318"}],"curies":[{"name":"wp","href":"https:\/\/api.w.org\/{rel}","templated":true}]}}