{"id":133,"date":"2009-02-18T12:54:19","date_gmt":"2009-02-18T11:54:19","guid":{"rendered":"http:\/\/www.frechen-film.de\/?page_id=133"},"modified":"2013-03-30T11:40:46","modified_gmt":"2013-03-30T10:40:46","slug":"kinderfilm-programm","status":"publish","type":"page","link":"https:\/\/www.frechen-film.de\/?page_id=133","title":{"rendered":"Kinderfilm-Programm"},"content":{"rendered":"<p><a title=\"Linden-Theater\" href=\"http:\/\/www.linden-theater-frechen.de\" target=\"_blank\">Hier geht es zum Programm des Linden-Theaters e.V.<\/a><\/p>\n<h2><strong><span style=\"color: #ff0000;\"><span style=\"font-family: Times New Roman;\"><span style=\"font-size: large;\">Unsere aktuellen Kinder-Filme<\/span><\/span><span style=\"font-size: large;\">:<\/span><\/span><\/strong><\/h2>\n<p><strong>Ein kleiner Tipp am Rande:<\/strong><\/p>\n<p>Bei jedem Film haben wir einen Link auf einen Trailer (Vorschaufilm) eingebaut. Sie wissen nicht,\u00a0wovon ein Film handelt oder haben von ihm noch nichts geh\u00f6rt? Dann schauen Sie sich die Trailer ruhig einmal an.<\/p>\n<table width=\"100%\">\n<tbody>\n<tr>\n<td>\n<h3>Sonntag, 07.04.2013, 16:00 Uhr:<\/h3>\n<h2 class=\"Stil2\"><span class=\"Stil1\"><span class=\"Stil3\"><img loading=\"lazy\" decoding=\"async\" class=\"alignright\" alt=\"\" src=\"http:\/\/www.linden-theater-frechen.de\/wp-content\/uploads\/2013\/01\/5-Freunde-2.jpg\" width=\"150\" height=\"200\" \/>F\u00fcnf Freunde 2<\/span><\/span><\/h2>\n<p class=\"Stil2\" style=\"text-align: justify;\"><strong>Abenteuer: <\/strong>Auf ihre Fahrradtour ins Katzenmoor haben sich die unternehmungslustigen Geschwister Julian, Dick und Anne, ihre Cousine Georgina, genannt George, sowie ihr Hund Timmy lange gefreut. Doch der Camping-Urlaub in der Natur endet mit der Entf\u00fchrung von Dick, den zwei minderbemittelte Ganoven mit dem gleichaltrigen Million\u00e4rssohn Hardy verwechseln. Mit Raffinesse und Mut nehmen die f\u00fcnf Freunde seine Spur auf, die von einem mysteri\u00f6sen Wanderzirkus zur Burg Eulennest f\u00fchrt, wo die Entf\u00fchrer Dick den Hinweis zu einem Riesensmaragd entlocken wollen.<\/p>\n<p style=\"text-align: justify;\">Das bew\u00e4hrte Team des Millionenhits wartet mit einem zweiten, spannenderen Abenteuer nach Enid Blytons Jugendklassikerreihe auf.<\/p>\n<p>D 2012,<strong> Regie: <\/strong>Mike Marzuk, <strong>Darsteller: <\/strong>Valeria Eisenbart (George), Quirin Oettl (Julian), Justus Schlingensiepen (Dick), Neele-Marie Nickel (Anne), Oliver Korittke, Peter Lohmeyer, Kristo Ferkic (Hardy), Stefan Konarske (Max)<\/p>\n<p style=\"text-align: justify;\"><span style=\"color: #000000;\"><span class=\"Stil3\"><strong>Laufzeit:<\/strong> 92 <\/span><\/span><span style=\"color: #000000;\"><span class=\"Stil3\">Min, <strong>FSK:<\/strong> ohne Altersbeschr\u00e4nkung<\/span><\/span><\/p>\n<p style=\"text-align: justify;\"><span class=\"Stil3\"><span style=\"color: #808080;\"><span class=\"Stil1\"><a title=\"Filmseite\" href=\"http:\/\/fuenf-freunde.com\/\" target=\"_blank\"><strong>Offizielle Filmseite<\/strong><\/a><strong> &#8211; <\/strong><a title=\"Trailer\" href=\"http:\/\/www.moviemaze.de\/media\/trailer\/8296,fuenf-freunde-2.html\" target=\"_blank\"><strong>Trailer ansehen<\/strong><\/a><strong> &#8211; <\/strong><a title=\"Filminfos\" href=\"http:\/\/www.moviemaze.de\/filme\/5076\/fuenf-freunde-2.html\" target=\"_blank\"><strong>weitere Filminfos<\/strong><\/a><\/span><\/span><\/span> <strong>&#8211; <a title=\"Kartenreservierung\" href=\"http:\/\/www.lindentheater-frechen.de\/?page_id=193\" target=\"_blank\">Karten reservieren<\/a><\/strong><\/p>\n<p>&nbsp;<\/td>\n<\/tr>\n<tr>\n<td>\n<h3>Sonntag, 05.05.2013, 16:00 Uhr:<\/h3>\n<h2 class=\"Stil2\"><span class=\"Stil1\"><span class=\"Stil3\"><img loading=\"lazy\" decoding=\"async\" class=\"alignright size-medium wp-image-3453\" alt=\"Mondmann Poster\" src=\"http:\/\/www.linden-theater-frechen.de\/wp-content\/uploads\/2013\/03\/Mondmann-Poster-210x300.jpg\" width=\"150\" height=\"214\" \/>Der Mondmann<br \/>\n<\/span><\/span><\/h2>\n<p style=\"text-align: justify;\"><strong>Animation:<\/strong> Weil es ihn zu Hause langweilt, beschlie\u00dft der Mondmann, sein lunares Domizil zu verlassen und der Erde einen Besuch abzustatten. Doch dort herrscht der garstige Pr\u00e4sident, der sich bereits den gesamten Globus untertan gemacht hat. Er h\u00e4lt den Mondmann f\u00fcr einen gef\u00e4hrlichen Eindringling, der hinter Gitter geh\u00f6rt. Zum Gl\u00fcck lernt der friedliebende Alien den Erfinder van der Dunkel kennen. Der baut eine Rakete und damit kann der Mondmann, nachdem man den Pr\u00e4sidenten in seine Schranken verwiesen hat, wieder heimkehren.<\/p>\n<p itemprop=\"description\" style=\"text-align: justify;\">Vertr\u00e4umt-melancholischer bis skurril-psychedelischer Animationsfilm nach Tomi Ungerer, der verschieden Zeichen(trick)stile miteinander verbindet, kleine Kinder ebenso wie Erwachsene anspricht.<\/p>\n<p style=\"text-align: justify;\"><strong>D\/F\/IRL<\/strong> 2013, <strong>Regie: <\/strong>Stephan Schesch<\/p>\n<p style=\"text-align: justify;\"><span style=\"color: #000000;\"><span class=\"Stil3\"><strong>Laufzeit:<\/strong> 96 Min, <strong>FSK:<\/strong> ohne Altersbeschr\u00e4nkung<\/span><\/span><span style=\"color: #000000;\"><span class=\"Stil3\"><br \/>\n<\/span><\/span><\/p>\n<p><span class=\"Stil3\"><span style=\"color: #808080;\"><span class=\"Stil1\"><a title=\"Filmseite\" href=\"http:\/\/www.der-mondmann-film.de\/\" target=\"_blank\"><strong>Offizielle Filmseite<\/strong><\/a><strong> &#8211; <a title=\"Trailer + Filminfos\" href=\"http:\/\/www.kino.de\/kinofilm\/der-mondmann\/114305\" target=\"_blank\"><strong>Trailer und <\/strong><strong>weitere Filminfos<\/strong><\/a><\/strong><\/span><\/span><\/span> <strong>&#8211; <a title=\"Kartenreservierung\" href=\"http:\/\/www.lindentheater-frechen.de\/?page_id=193\" target=\"_blank\">Karten reservieren<\/a><\/strong><\/p>\n<p>&nbsp;<\/td>\n<\/tr>\n<tr>\n<td>\n<h3>Sonntag, 02.06.2013, 16:00 Uhr:<\/h3>\n<h2 class=\"Stil2\"><span class=\"Stil1\"><span class=\"Stil3\"><img loading=\"lazy\" decoding=\"async\" class=\"alignright size-medium wp-image-3455\" alt=\"Ostwind\" src=\"http:\/\/www.linden-theater-frechen.de\/wp-content\/uploads\/2013\/03\/Ostwind-211x300.jpg\" width=\"150\" height=\"213\" \/>Ostwind<br \/>\n<\/span><\/span><\/h2>\n<p class=\"Stil2\" style=\"text-align: justify;\"><strong>Familie\/Abenteuer:<\/strong> Die rebellische Mika wird von ihren Akademiker-Eltern in den Sommerferien zum Straflernen zu ihrer Gro\u00dfmutter Maria geschickt, die ein Pferdegest\u00fct hat. Mika interessiert sich nicht f\u00fcr Pferde, bis sie Ostwind kennenlernt, einen ungez\u00e4hmten Hengst, der sich den Menschen verweigert. Nur bei Mika wird er sofort zahm und umg\u00e4nglich. Als die 14-J\u00e4hrige erf\u00e4hrt, dass ihre Gro\u00dfmutter \u00fcberlegt, Ostwind zum Pferdeschl\u00e4chter zu geben, will sie reiten lernen und bei einem Turnier beweisen, dass der Hengst eine zweite Chance verdient hat.<\/p>\n<p style=\"text-align: justify;\">&#8222;Bandits&#8220;-Regisseurin Katja von Garnier meldet sich mit einem erfrischenden, gut gespielten und exzellent fotografierten Pferde-Abenteuer \u00fcber eine magische Freundschaft zwischen Mensch und Tier in den deutschen Kinos zur\u00fcck.<\/p>\n<p style=\"text-align: justify;\"><strong>D<\/strong> 2013, <strong>Regie: <\/strong>Katja von Garnier, <strong>Darsteller:<\/strong> Hanna H\u00f6ppner (Mika), Marvin Linke (Sam), J\u00fcrgen Vogel (Mikas Vater), Detlev Buck (Dr. Anders), Tilo Pr\u00fcckner (Herr Kaan), Cornelia Froboess (Mikas Gro\u00dfmutter), Nina Kronj\u00e4ger (Mikas Mutter)<\/p>\n<p><span style=\"color: #000000;\"><span class=\"Stil3\"><strong>Laufzeit:<\/strong> 105 <\/span><\/span><span style=\"color: #000000;\"><span class=\"Stil3\">Min, <strong>FSK:<\/strong> ohne Altersbeschr\u00e4nkung<\/span><\/span><\/p>\n<p><span class=\"Stil3\"><span style=\"color: #808080;\"><span class=\"Stil1\"><a title=\"Filmseite\" href=\"http:\/\/www.ostwind-film.de\/#\/home\" target=\"_blank\"><strong>Offizielle Filmseite<\/strong><\/a><strong> &#8211; <strong><a title=\"Trailer + Filminfos\" href=\"http:\/\/www.kino.de\/kinofilm\/ostwind-zusammen-sind-wir-frei\/142799\" target=\"_blank\"><strong>Trailer und <\/strong><strong>weitere Filminfos<\/strong><\/a><\/strong> <\/strong><\/span><\/span><\/span> <strong>&#8211; <a title=\"Kartenreservierung\" href=\"http:\/\/www.lindentheater-frechen.de\/?page_id=193\" target=\"_blank\">Karten reservieren<\/a><\/strong><\/p>\n<p>&nbsp;<\/td>\n<\/tr>\n<\/tbody>\n<\/table>\n","protected":false},"excerpt":{"rendered":"<p>Hier geht es zum Programm des Linden-Theaters e.V.<\/p>\n<p> Unsere aktuellen Kinder-Filme: <\/p>\n<p>Ein kleiner Tipp am Rande:<\/p>\n<p>Bei jedem Film haben wir einen Link auf einen Trailer (Vorschaufilm) eingebaut. Sie wissen nicht, wovon ein Film handelt oder haben von ihm noch nichts geh\u00f6rt? Dann schauen Sie sich die Trailer ruhig einmal an.<\/p>\n<p> Sonntag, 07.04.2013, 16:00 Uhr: [&#8230;]<\/p>\n","protected":false},"author":3,"featured_media":0,"parent":0,"menu_order":2,"comment_status":"open","ping_status":"open","template":"","meta":{"footnotes":""},"class_list":["post-133","page","type-page","status-publish","hentry","odd"],"_links":{"self":[{"href":"https:\/\/www.frechen-film.de\/index.php?rest_route=\/wp\/v2\/pages\/133","targetHints":{"allow":["GET"]}}],"collection":[{"href":"https:\/\/www.frechen-film.de\/index.php?rest_route=\/wp\/v2\/pages"}],"about":[{"href":"https:\/\/www.frechen-film.de\/index.php?rest_route=\/wp\/v2\/types\/page"}],"author":[{"embeddable":true,"href":"https:\/\/www.frechen-film.de\/index.php?rest_route=\/wp\/v2\/users\/3"}],"replies":[{"embeddable":true,"href":"https:\/\/www.frechen-film.de\/index.php?rest_route=%2Fwp%2Fv2%2Fcomments&post=133"}],"version-history":[{"count":118,"href":"https:\/\/www.frechen-film.de\/index.php?rest_route=\/wp\/v2\/pages\/133\/revisions"}],"predecessor-version":[{"id":613,"href":"https:\/\/www.frechen-film.de\/index.php?rest_route=\/wp\/v2\/pages\/133\/revisions\/613"}],"wp:attachment":[{"href":"https:\/\/www.frechen-film.de\/index.php?rest_route=%2Fwp%2Fv2%2Fmedia&parent=133"}],"curies":[{"name":"wp","href":"https:\/\/api.w.org\/{rel}","templated":true}]}}